{"id":6079,"date":"2025-05-21T23:17:48","date_gmt":"2025-05-21T20:17:48","guid":{"rendered":"http:\/\/hypemedya.com\/?page_id=6079"},"modified":"2025-07-14T01:47:52","modified_gmt":"2025-07-13T22:47:52","slug":"yol-kenarinda-markanizin-guclu-durusu","status":"publish","type":"page","link":"https:\/\/hypemedya.com\/?page_id=6079","title":{"rendered":"Yol Kenar\u0131nda Markan\u0131z\u0131n G\u00fc\u00e7l\u00fc Duru\u015fu!"},"content":{"rendered":"[vc_row type=&#8221;in_container&#8221; full_screen_row_position=&#8221;middle&#8221; column_margin=&#8221;default&#8221; column_direction=&#8221;default&#8221; column_direction_tablet=&#8221;default&#8221; column_direction_phone=&#8221;default&#8221; scene_position=&#8221;center&#8221; text_color=&#8221;dark&#8221; text_align=&#8221;left&#8221; row_border_radius=&#8221;none&#8221; row_border_radius_applies=&#8221;bg&#8221; overflow=&#8221;visible&#8221; overlay_strength=&#8221;0.3&#8243; gradient_direction=&#8221;left_to_right&#8221; shape_divider_position=&#8221;bottom&#8221; bg_image_animation=&#8221;none&#8221;][vc_column column_padding=&#8221;no-extra-padding&#8221; column_padding_tablet=&#8221;inherit&#8221; column_padding_phone=&#8221;inherit&#8221; column_padding_position=&#8221;all&#8221; column_element_direction_desktop=&#8221;default&#8221; column_element_spacing=&#8221;default&#8221; desktop_text_alignment=&#8221;default&#8221; tablet_text_alignment=&#8221;default&#8221; phone_text_alignment=&#8221;default&#8221; background_color_opacity=&#8221;1&#8243; background_hover_color_opacity=&#8221;1&#8243; column_backdrop_filter=&#8221;none&#8221; column_shadow=&#8221;none&#8221; column_border_radius=&#8221;none&#8221; column_link_target=&#8221;_self&#8221; column_position=&#8221;default&#8221; gradient_direction=&#8221;left_to_right&#8221; overlay_strength=&#8221;0.3&#8243; width=&#8221;1\/1&#8243; tablet_width_inherit=&#8221;default&#8221; animation_type=&#8221;default&#8221; bg_image_animation=&#8221;none&#8221; border_type=&#8221;simple&#8221; column_border_width=&#8221;none&#8221; column_border_style=&#8221;solid&#8221;][vc_column_text css=&#8221;&#8221; text_direction=&#8221;default&#8221;]\n<figure class=\"wp-block-image size-large\"><img loading=\"lazy\" decoding=\"async\" class=\"alignleft wp-image-6080\" src=\"http:\/\/hypemedya.com\/wp-content\/uploads\/2025\/05\/1-8-683x1024.png\" alt=\"\" width=\"467\" height=\"700\" srcset=\"https:\/\/hypemedya.com\/wp-content\/uploads\/2025\/05\/1-8-683x1024.png 683w, https:\/\/hypemedya.com\/wp-content\/uploads\/2025\/05\/1-8-200x300.png 200w, https:\/\/hypemedya.com\/wp-content\/uploads\/2025\/05\/1-8-768x1152.png 768w, https:\/\/hypemedya.com\/wp-content\/uploads\/2025\/05\/1-8.png 1024w\" sizes=\"auto, (max-width: 467px) 100vw, 467px\" \/><\/figure>\n\n<p>Totem tabelalar, geni\u015f alanlarda ve yol kenarlar\u0131nda markan\u0131z\u0131 \u00f6ne \u00e7\u0131karman\u0131n en etkili yoludur. G\u00fcnd\u00fcz dikkat \u00e7eken yap\u0131s\u0131, gece ise \u0131\u015f\u0131kl\u0131 sistemi sayesinde fark edilirli\u011fi art\u0131r\u0131r. Modern tasar\u0131m\u0131yla mimariye de\u011fer katar, markan\u0131z\u0131n kurumsal kimli\u011fini g\u00fc\u00e7l\u00fc bir \u015fekilde yans\u0131t\u0131r.<br \/>Avantajlar\u0131:<br \/>\u2728 Y\u00fcksek G\u00f6r\u00fcn\u00fcrl\u00fck: Uzak mesafeden rahatl\u0131kla fark edilir.<br \/>\ud83d\udca1 I\u015f\u0131kl\u0131 Sistem: Gece boyunca etkili reklam alan\u0131 sa\u011flar.<br \/>\ud83d\udee0\ufe0f Mod\u00fcler Tasar\u0131m: Birden fazla i\u015fletmeyi veya b\u00f6l\u00fcm\u00fc tan\u0131tmak i\u00e7in ideal (\u00f6rne\u011fin: restoran, market, bar).<br \/>\ud83e\uddf1 Dayan\u0131kl\u0131 Yap\u0131: D\u0131\u015f hava ko\u015fullar\u0131na kar\u015f\u0131 uzun \u00f6m\u00fcrl\u00fc malzeme.<br \/>Nerelerde Kullan\u0131l\u0131r?<br \/>Oteller ve tatil k\u00f6yleri<br \/>Yol kenar\u0131 i\u015fletmeleri (dinlenme tesisleri, akaryak\u0131t istasyonlar\u0131)<br \/>AVM ve a\u00e7\u0131k hava al\u0131\u015fveri\u015f alanlar\u0131<br \/>Kafeler, restoranlar ve market zincirleri<br \/>Kurumsal firmalar\u0131n kamp\u00fcs giri\u015fleri<br \/>Totem tabela ile markan\u0131z sadece tan\u0131t\u0131lmaz, ayn\u0131 zamanda bulundu\u011fu noktaya de\u011fer katar.<br \/>Estetik, i\u015flevsel ve etkileyici bir \u00e7\u00f6z\u00fcm i\u00e7in bizimle ileti\u015fime ge\u00e7in.<\/p>\n<p>\u00a0<\/p>\n[\/vc_column_text][\/vc_column][\/vc_row]\n","protected":false},"excerpt":{"rendered":"<p>[vc_row type=&#8221;in_container&#8221; full_screen_row_position=&#8221;middle&#8221; column_margin=&#8221;default&#8221; column_direction=&#8221;default&#8221; column_direction_tablet=&#8221;default&#8221; column_direction_phone=&#8221;default&#8221; scene_position=&#8221;center&#8221; text_color=&#8221;dark&#8221; text_align=&#8221;left&#8221; row_border_radius=&#8221;none&#8221; row_border_radius_applies=&#8221;bg&#8221; overflow=&#8221;visible&#8221; overlay_strength=&#8221;0.3&#8243; gradient_direction=&#8221;left_to_right&#8221; shape_divider_position=&#8221;bottom&#8221; bg_image_animation=&#8221;none&#8221;][vc_column column_padding=&#8221;no-extra-padding&#8221; column_padding_tablet=&#8221;inherit&#8221; column_padding_phone=&#8221;inherit&#8221; column_padding_position=&#8221;all&#8221; column_element_direction_desktop=&#8221;default&#8221; column_element_spacing=&#8221;default&#8221; desktop_text_alignment=&#8221;default&#8221; tablet_text_alignment=&#8221;default&#8221; phone_text_alignment=&#8221;default&#8221; background_color_opacity=&#8221;1&#8243; background_hover_color_opacity=&#8221;1&#8243; column_backdrop_filter=&#8221;none&#8221; column_shadow=&#8221;none&#8221;&#8230;<\/p>\n","protected":false},"author":1,"featured_media":0,"parent":0,"menu_order":0,"comment_status":"closed","ping_status":"closed","template":"","meta":{"footnotes":""},"class_list":["post-6079","page","type-page","status-publish"],"_links":{"self":[{"href":"https:\/\/hypemedya.com\/index.php?rest_route=\/wp\/v2\/pages\/6079","targetHints":{"allow":["GET"]}}],"collection":[{"href":"https:\/\/hypemedya.com\/index.php?rest_route=\/wp\/v2\/pages"}],"about":[{"href":"https:\/\/hypemedya.com\/index.php?rest_route=\/wp\/v2\/types\/page"}],"author":[{"embeddable":true,"href":"https:\/\/hypemedya.com\/index.php?rest_route=\/wp\/v2\/users\/1"}],"replies":[{"embeddable":true,"href":"https:\/\/hypemedya.com\/index.php?rest_route=%2Fwp%2Fv2%2Fcomments&post=6079"}],"version-history":[{"count":3,"href":"https:\/\/hypemedya.com\/index.php?rest_route=\/wp\/v2\/pages\/6079\/revisions"}],"predecessor-version":[{"id":6361,"href":"https:\/\/hypemedya.com\/index.php?rest_route=\/wp\/v2\/pages\/6079\/revisions\/6361"}],"wp:attachment":[{"href":"https:\/\/hypemedya.com\/index.php?rest_route=%2Fwp%2Fv2%2Fmedia&parent=6079"}],"curies":[{"name":"wp","href":"https:\/\/api.w.org\/{rel}","templated":true}]}}