{"id":6064,"date":"2025-05-21T23:14:21","date_gmt":"2025-05-21T20:14:21","guid":{"rendered":"http:\/\/hypemedya.com\/?page_id=6064"},"modified":"2025-07-14T01:42:02","modified_gmt":"2025-07-13T22:42:02","slug":"sessiz-ama-guclu-bir-ifade","status":"publish","type":"page","link":"https:\/\/hypemedya.com\/?page_id=6064","title":{"rendered":"Sessiz ama G\u00fc\u00e7l\u00fc Bir \u0130fade!"},"content":{"rendered":"[vc_row type=&#8221;in_container&#8221; full_screen_row_position=&#8221;middle&#8221; column_margin=&#8221;default&#8221; column_direction=&#8221;default&#8221; column_direction_tablet=&#8221;default&#8221; column_direction_phone=&#8221;default&#8221; scene_position=&#8221;center&#8221; text_color=&#8221;dark&#8221; text_align=&#8221;left&#8221; row_border_radius=&#8221;none&#8221; row_border_radius_applies=&#8221;bg&#8221; overflow=&#8221;visible&#8221; overlay_strength=&#8221;0.3&#8243; gradient_direction=&#8221;left_to_right&#8221; shape_divider_position=&#8221;bottom&#8221; bg_image_animation=&#8221;none&#8221;][vc_column column_padding=&#8221;no-extra-padding&#8221; column_padding_tablet=&#8221;inherit&#8221; column_padding_phone=&#8221;inherit&#8221; column_padding_position=&#8221;all&#8221; column_element_direction_desktop=&#8221;default&#8221; column_element_spacing=&#8221;default&#8221; desktop_text_alignment=&#8221;default&#8221; tablet_text_alignment=&#8221;default&#8221; phone_text_alignment=&#8221;default&#8221; background_color_opacity=&#8221;1&#8243; background_hover_color_opacity=&#8221;1&#8243; column_backdrop_filter=&#8221;none&#8221; column_shadow=&#8221;none&#8221; column_border_radius=&#8221;none&#8221; column_link_target=&#8221;_self&#8221; column_position=&#8221;default&#8221; gradient_direction=&#8221;left_to_right&#8221; overlay_strength=&#8221;0.3&#8243; width=&#8221;1\/1&#8243; tablet_width_inherit=&#8221;default&#8221; animation_type=&#8221;default&#8221; bg_image_animation=&#8221;none&#8221; border_type=&#8221;simple&#8221; column_border_width=&#8221;none&#8221; column_border_style=&#8221;solid&#8221;][vc_column_text css=&#8221;&#8221; text_direction=&#8221;default&#8221;]\n<figure class=\"wp-block-image size-large\"><img loading=\"lazy\" decoding=\"async\" class=\"alignleft wp-image-6065\" src=\"http:\/\/hypemedya.com\/wp-content\/uploads\/2025\/05\/1-3-2-683x1024.png\" alt=\"\" width=\"467\" height=\"700\" srcset=\"https:\/\/hypemedya.com\/wp-content\/uploads\/2025\/05\/1-3-2-683x1024.png 683w, https:\/\/hypemedya.com\/wp-content\/uploads\/2025\/05\/1-3-2-200x300.png 200w, https:\/\/hypemedya.com\/wp-content\/uploads\/2025\/05\/1-3-2-768x1152.png 768w, https:\/\/hypemedya.com\/wp-content\/uploads\/2025\/05\/1-3-2.png 1024w\" sizes=\"auto, (max-width: 467px) 100vw, 467px\" \/><\/figure>\n\n<p>I\u015f\u0131\u011fa ihtiya\u00e7 duymadan da etkileyici olun! \u0130\u00e7 mekan kutu harf tabelalar; sade, zarif ve kurumsal duru\u015fuyla markan\u0131za prestij katar. Resepsiyon alanlar\u0131ndan toplant\u0131 odalar\u0131na kadar, bulundu\u011fu her mek\u00e2nda dikkat \u00e7eker ve g\u00fcven verir.<br \/>Avantajlar\u0131:<br \/>Minimal ve modern g\u00f6r\u00fcn\u00fcm<br \/>3 boyutlu yap\u0131 ile derinlik hissi<br \/>I\u015f\u0131ks\u0131z kullan\u0131m sayesinde sade \u015f\u0131kl\u0131k<br \/>Mat, parlak, ah\u015fap ya da metalik y\u00fczey se\u00e7enekleri<br \/>Kurumsal kimli\u011fe uygun renk ve font tasar\u0131mlar\u0131<br \/>Nerelerde Kullan\u0131l\u0131r?<br \/>Ofis giri\u015fleri<br \/>Lobi ve kar\u015f\u0131lama alanlar\u0131<br \/>Showroom duvarlar\u0131<br \/>Klinik, otel ve ajans i\u00e7 mek\u00e2nlar\u0131<br \/>\u0130\u00e7 dekorasyona entegre marka sunum alanlar\u0131<br \/>Her detayda kalite ve sadeli\u011fi bir araya getiriyoruz.<br \/>Markan\u0131z\u0131 duvar\u0131n\u0131za kaz\u0131yarak g\u00f6r\u00fcn\u00fcr k\u0131lmak i\u00e7in bizimle ileti\u015fime ge\u00e7in.<\/p>\n<p>\u00a0<\/p>\n[\/vc_column_text][\/vc_column][\/vc_row]\n","protected":false},"excerpt":{"rendered":"<p>[vc_row type=&#8221;in_container&#8221; full_screen_row_position=&#8221;middle&#8221; column_margin=&#8221;default&#8221; column_direction=&#8221;default&#8221; column_direction_tablet=&#8221;default&#8221; column_direction_phone=&#8221;default&#8221; scene_position=&#8221;center&#8221; text_color=&#8221;dark&#8221; text_align=&#8221;left&#8221; row_border_radius=&#8221;none&#8221; row_border_radius_applies=&#8221;bg&#8221; overflow=&#8221;visible&#8221; overlay_strength=&#8221;0.3&#8243; gradient_direction=&#8221;left_to_right&#8221; shape_divider_position=&#8221;bottom&#8221; bg_image_animation=&#8221;none&#8221;][vc_column column_padding=&#8221;no-extra-padding&#8221; column_padding_tablet=&#8221;inherit&#8221; column_padding_phone=&#8221;inherit&#8221; column_padding_position=&#8221;all&#8221; column_element_direction_desktop=&#8221;default&#8221; column_element_spacing=&#8221;default&#8221; desktop_text_alignment=&#8221;default&#8221; tablet_text_alignment=&#8221;default&#8221; phone_text_alignment=&#8221;default&#8221; background_color_opacity=&#8221;1&#8243; background_hover_color_opacity=&#8221;1&#8243; column_backdrop_filter=&#8221;none&#8221; column_shadow=&#8221;none&#8221;&#8230;<\/p>\n","protected":false},"author":1,"featured_media":0,"parent":0,"menu_order":0,"comment_status":"closed","ping_status":"closed","template":"","meta":{"footnotes":""},"class_list":["post-6064","page","type-page","status-publish"],"_links":{"self":[{"href":"https:\/\/hypemedya.com\/index.php?rest_route=\/wp\/v2\/pages\/6064","targetHints":{"allow":["GET"]}}],"collection":[{"href":"https:\/\/hypemedya.com\/index.php?rest_route=\/wp\/v2\/pages"}],"about":[{"href":"https:\/\/hypemedya.com\/index.php?rest_route=\/wp\/v2\/types\/page"}],"author":[{"embeddable":true,"href":"https:\/\/hypemedya.com\/index.php?rest_route=\/wp\/v2\/users\/1"}],"replies":[{"embeddable":true,"href":"https:\/\/hypemedya.com\/index.php?rest_route=%2Fwp%2Fv2%2Fcomments&post=6064"}],"version-history":[{"count":3,"href":"https:\/\/hypemedya.com\/index.php?rest_route=\/wp\/v2\/pages\/6064\/revisions"}],"predecessor-version":[{"id":6357,"href":"https:\/\/hypemedya.com\/index.php?rest_route=\/wp\/v2\/pages\/6064\/revisions\/6357"}],"wp:attachment":[{"href":"https:\/\/hypemedya.com\/index.php?rest_route=%2Fwp%2Fv2%2Fmedia&parent=6064"}],"curies":[{"name":"wp","href":"https:\/\/api.w.org\/{rel}","templated":true}]}}