{"id":6061,"date":"2025-05-21T23:13:38","date_gmt":"2025-05-21T20:13:38","guid":{"rendered":"http:\/\/hypemedya.com\/?page_id=6061"},"modified":"2025-07-14T01:36:24","modified_gmt":"2025-07-13T22:36:24","slug":"fener-tabela-sistemleri","status":"publish","type":"page","link":"https:\/\/hypemedya.com\/?page_id=6061","title":{"rendered":"Fener Tabela Sistemleri"},"content":{"rendered":"[vc_row type=&#8221;in_container&#8221; full_screen_row_position=&#8221;middle&#8221; column_margin=&#8221;default&#8221; column_direction=&#8221;default&#8221; column_direction_tablet=&#8221;default&#8221; column_direction_phone=&#8221;default&#8221; scene_position=&#8221;center&#8221; text_color=&#8221;dark&#8221; text_align=&#8221;left&#8221; row_border_radius=&#8221;none&#8221; row_border_radius_applies=&#8221;bg&#8221; overflow=&#8221;visible&#8221; overlay_strength=&#8221;0.3&#8243; gradient_direction=&#8221;left_to_right&#8221; shape_divider_position=&#8221;bottom&#8221; bg_image_animation=&#8221;none&#8221;][vc_column column_padding=&#8221;no-extra-padding&#8221; column_padding_tablet=&#8221;inherit&#8221; column_padding_phone=&#8221;inherit&#8221; column_padding_position=&#8221;all&#8221; column_element_direction_desktop=&#8221;default&#8221; column_element_spacing=&#8221;default&#8221; desktop_text_alignment=&#8221;default&#8221; tablet_text_alignment=&#8221;default&#8221; phone_text_alignment=&#8221;default&#8221; background_color_opacity=&#8221;1&#8243; background_hover_color_opacity=&#8221;1&#8243; column_backdrop_filter=&#8221;none&#8221; column_shadow=&#8221;none&#8221; column_border_radius=&#8221;none&#8221; column_link_target=&#8221;_self&#8221; column_position=&#8221;default&#8221; gradient_direction=&#8221;left_to_right&#8221; overlay_strength=&#8221;0.3&#8243; width=&#8221;1\/1&#8243; tablet_width_inherit=&#8221;default&#8221; animation_type=&#8221;default&#8221; bg_image_animation=&#8221;none&#8221; border_type=&#8221;simple&#8221; column_border_width=&#8221;none&#8221; column_border_style=&#8221;solid&#8221;][vc_column_text css=&#8221;&#8221; text_direction=&#8221;default&#8221;]\n<figure class=\"wp-block-image size-full\"><img loading=\"lazy\" decoding=\"async\" class=\"alignleft wp-image-6062\" src=\"http:\/\/hypemedya.com\/wp-content\/uploads\/2025\/05\/1-2-3.png\" alt=\"\" width=\"700\" height=\"700\" srcset=\"https:\/\/hypemedya.com\/wp-content\/uploads\/2025\/05\/1-2-3.png 1024w, https:\/\/hypemedya.com\/wp-content\/uploads\/2025\/05\/1-2-3-300x300.png 300w, https:\/\/hypemedya.com\/wp-content\/uploads\/2025\/05\/1-2-3-150x150.png 150w, https:\/\/hypemedya.com\/wp-content\/uploads\/2025\/05\/1-2-3-768x768.png 768w, https:\/\/hypemedya.com\/wp-content\/uploads\/2025\/05\/1-2-3-140x140.png 140w, https:\/\/hypemedya.com\/wp-content\/uploads\/2025\/05\/1-2-3-100x100.png 100w, https:\/\/hypemedya.com\/wp-content\/uploads\/2025\/05\/1-2-3-500x500.png 500w, https:\/\/hypemedya.com\/wp-content\/uploads\/2025\/05\/1-2-3-350x350.png 350w, https:\/\/hypemedya.com\/wp-content\/uploads\/2025\/05\/1-2-3-1000x1000.png 1000w, https:\/\/hypemedya.com\/wp-content\/uploads\/2025\/05\/1-2-3-800x800.png 800w\" sizes=\"auto, (max-width: 700px) 100vw, 700px\" \/><\/figure>\n\n<p>Soka\u011f\u0131n En Dikkat \u00c7ekici Noktas\u0131 Sizin Markan\u0131z Olsun!<br \/>Modern \u015fehir hayat\u0131nda g\u00f6r\u00fcn\u00fcr olmak art\u0131k bir l\u00fcks de\u011fil, bir zorunluluk. Fener tabelalar; estetik tasar\u0131mlar\u0131, y\u00fcksek g\u00f6r\u00fcn\u00fcrl\u00fc\u011f\u00fc ve \u00e7ift y\u00f6nl\u00fc tan\u0131t\u0131m imkan\u0131 ile markan\u0131za prestij kazand\u0131r\u0131r.<br \/>Neden Fener Tabela?<br \/>\u00c7ift Y\u00f6nl\u00fc G\u00f6r\u00fcn\u00fcrl\u00fck: Hem sa\u011fdan hem soldan ge\u00e7en yaya ve ara\u00e7 trafi\u011fi i\u00e7in ideal \u00e7\u00f6z\u00fcm<br \/>Gece ve G\u00fcnd\u00fcz Etkili: I\u015f\u0131kl\u0131 modellerle 24 saat fark edilir olma imkan\u0131<br \/>Modern ve Minimal Tasar\u0131m: Markan\u0131za \u00f6zel \u015f\u0131k, sade ya da kurumsal \u00e7izgilerle<br \/>Y\u00fcksek Dayan\u0131kl\u0131l\u0131k: D\u0131\u015f hava ko\u015fullar\u0131na uygun, uzun \u00f6m\u00fcrl\u00fc malzeme ve i\u015f\u00e7ilik<br \/>Uygulama Alanlar\u0131:<br \/>Ma\u011fazalar<br \/>Kafeler ve restoranlar<br \/>Ofis giri\u015fleri<br \/>Klinik ve kuaf\u00f6r salonlar\u0131<br \/>Oteller<br \/>Size \u00d6zel Tasar\u0131m<br \/>Her marka kendine \u00f6zg\u00fcd\u00fcr. Biz de tasar\u0131mlar\u0131m\u0131z\u0131 sizin kimli\u011finize g\u00f6re haz\u0131rl\u0131yoruz. \u0130ster zarif bir dokunu\u015f, ister g\u00fc\u00e7l\u00fc bir duru\u015f aray\u0131n fener tabelan\u0131zla fark yarat\u0131n.<\/p>\n\n<p>&nbsp;<\/p>\n[\/vc_column_text][\/vc_column][\/vc_row]\n","protected":false},"excerpt":{"rendered":"<p>[vc_row type=&#8221;in_container&#8221; full_screen_row_position=&#8221;middle&#8221; column_margin=&#8221;default&#8221; column_direction=&#8221;default&#8221; column_direction_tablet=&#8221;default&#8221; column_direction_phone=&#8221;default&#8221; scene_position=&#8221;center&#8221; text_color=&#8221;dark&#8221; text_align=&#8221;left&#8221; row_border_radius=&#8221;none&#8221; row_border_radius_applies=&#8221;bg&#8221; overflow=&#8221;visible&#8221; overlay_strength=&#8221;0.3&#8243; gradient_direction=&#8221;left_to_right&#8221; shape_divider_position=&#8221;bottom&#8221; bg_image_animation=&#8221;none&#8221;][vc_column column_padding=&#8221;no-extra-padding&#8221; column_padding_tablet=&#8221;inherit&#8221; column_padding_phone=&#8221;inherit&#8221; column_padding_position=&#8221;all&#8221; column_element_direction_desktop=&#8221;default&#8221; column_element_spacing=&#8221;default&#8221; desktop_text_alignment=&#8221;default&#8221; tablet_text_alignment=&#8221;default&#8221; phone_text_alignment=&#8221;default&#8221; background_color_opacity=&#8221;1&#8243; background_hover_color_opacity=&#8221;1&#8243; column_backdrop_filter=&#8221;none&#8221; column_shadow=&#8221;none&#8221;&#8230;<\/p>\n","protected":false},"author":1,"featured_media":0,"parent":0,"menu_order":0,"comment_status":"closed","ping_status":"closed","template":"","meta":{"footnotes":""},"class_list":["post-6061","page","type-page","status-publish"],"_links":{"self":[{"href":"https:\/\/hypemedya.com\/index.php?rest_route=\/wp\/v2\/pages\/6061","targetHints":{"allow":["GET"]}}],"collection":[{"href":"https:\/\/hypemedya.com\/index.php?rest_route=\/wp\/v2\/pages"}],"about":[{"href":"https:\/\/hypemedya.com\/index.php?rest_route=\/wp\/v2\/types\/page"}],"author":[{"embeddable":true,"href":"https:\/\/hypemedya.com\/index.php?rest_route=\/wp\/v2\/users\/1"}],"replies":[{"embeddable":true,"href":"https:\/\/hypemedya.com\/index.php?rest_route=%2Fwp%2Fv2%2Fcomments&post=6061"}],"version-history":[{"count":4,"href":"https:\/\/hypemedya.com\/index.php?rest_route=\/wp\/v2\/pages\/6061\/revisions"}],"predecessor-version":[{"id":6356,"href":"https:\/\/hypemedya.com\/index.php?rest_route=\/wp\/v2\/pages\/6061\/revisions\/6356"}],"wp:attachment":[{"href":"https:\/\/hypemedya.com\/index.php?rest_route=%2Fwp%2Fv2%2Fmedia&parent=6061"}],"curies":[{"name":"wp","href":"https:\/\/api.w.org\/{rel}","templated":true}]}}