{"id":6034,"date":"2025-05-21T23:01:03","date_gmt":"2025-05-21T20:01:03","guid":{"rendered":"http:\/\/hypemedya.com\/?page_id=6034"},"modified":"2025-07-14T23:25:39","modified_gmt":"2025-07-14T20:25:39","slug":"mesh-baski-ile-binalarinizda-etkili-reklam-gucu","status":"publish","type":"page","link":"https:\/\/hypemedya.com\/?page_id=6034","title":{"rendered":"Mesh Bask\u0131 ile Binalar\u0131n\u0131zda Etkili Reklam G\u00fcc\u00fc"},"content":{"rendered":"[vc_row type=&#8221;in_container&#8221; full_screen_row_position=&#8221;middle&#8221; column_margin=&#8221;default&#8221; column_direction=&#8221;default&#8221; column_direction_tablet=&#8221;default&#8221; column_direction_phone=&#8221;default&#8221; scene_position=&#8221;center&#8221; text_color=&#8221;dark&#8221; text_align=&#8221;left&#8221; row_border_radius=&#8221;none&#8221; row_border_radius_applies=&#8221;bg&#8221; overflow=&#8221;visible&#8221; overlay_strength=&#8221;0.3&#8243; gradient_direction=&#8221;left_to_right&#8221; shape_divider_position=&#8221;bottom&#8221; bg_image_animation=&#8221;none&#8221;][vc_column column_padding=&#8221;no-extra-padding&#8221; column_padding_tablet=&#8221;inherit&#8221; column_padding_phone=&#8221;inherit&#8221; column_padding_position=&#8221;all&#8221; column_element_direction_desktop=&#8221;default&#8221; column_element_spacing=&#8221;default&#8221; desktop_text_alignment=&#8221;default&#8221; tablet_text_alignment=&#8221;default&#8221; phone_text_alignment=&#8221;default&#8221; background_color_opacity=&#8221;1&#8243; background_hover_color_opacity=&#8221;1&#8243; column_backdrop_filter=&#8221;none&#8221; column_shadow=&#8221;none&#8221; column_border_radius=&#8221;none&#8221; column_link_target=&#8221;_self&#8221; column_position=&#8221;default&#8221; gradient_direction=&#8221;left_to_right&#8221; overlay_strength=&#8221;0.3&#8243; width=&#8221;1\/1&#8243; tablet_width_inherit=&#8221;default&#8221; animation_type=&#8221;default&#8221; bg_image_animation=&#8221;none&#8221; border_type=&#8221;simple&#8221; column_border_width=&#8221;none&#8221; column_border_style=&#8221;solid&#8221;][vc_column_text css=&#8221;&#8221; text_direction=&#8221;default&#8221;]\r\n<figure class=\"wp-block-image size-large\"><img loading=\"lazy\" decoding=\"async\" class=\"alignleft wp-image-6035\" src=\"http:\/\/hypemedya.com\/wp-content\/uploads\/2025\/05\/1-3-683x1024.png\" alt=\"\" width=\"400\" height=\"600\" srcset=\"https:\/\/hypemedya.com\/wp-content\/uploads\/2025\/05\/1-3-683x1024.png 683w, https:\/\/hypemedya.com\/wp-content\/uploads\/2025\/05\/1-3-200x300.png 200w, https:\/\/hypemedya.com\/wp-content\/uploads\/2025\/05\/1-3-768x1152.png 768w, https:\/\/hypemedya.com\/wp-content\/uploads\/2025\/05\/1-3.png 1024w\" sizes=\"auto, (max-width: 400px) 100vw, 400px\" \/><\/figure>\r\n\r\n<p>Mesh bask\u0131, b\u00fcy\u00fck ebatl\u0131 d\u0131\u015f cephe reklamlar\u0131nda kullan\u0131lan, hava ge\u00e7iren \u00f6zel bir vinil t\u00fcr\u00fcd\u00fcr.<\/p>\r\n<p>Delikli yap\u0131s\u0131 sayesinde r\u00fczgar ve \u0131\u015f\u0131\u011f\u0131 ge\u00e7irebilir, bu da onu \u00f6zellikle bina giydirmelerinde ideal hale getirir.<\/p>\r\n<p>Hype Medya olarak sundu\u011fumuz mesh bask\u0131lar;<\/p>\r\n<p>Dayan\u0131kl\u0131, y\u00fcksek \u00e7\u00f6z\u00fcn\u00fcrl\u00fckl\u00fc ve dikkat \u00e7ekici tasar\u0131mlarla markan\u0131z\u0131 y\u00fckseklere ta\u015f\u0131yor.<\/p>\r\n<p>\u0130n\u015faat projeleri, ma\u011faza cepheleri ve etkinlik alanlar\u0131nda g\u00fcvenle tercih edilen mesh bask\u0131, hem estetik hem de fonksiyonel \u00e7\u00f6z\u00fcmler sunar.<\/p>\r\n<p>D\u0131\u015f cephede g\u00fc\u00e7l\u00fc bir g\u00f6r\u00fcn\u00fcrl\u00fck istiyorsan\u0131z, do\u011fru yerdesiniz!<\/p>\r\n\r\n<p>&nbsp;<\/p>\r\n[\/vc_column_text][\/vc_column][\/vc_row]","protected":false},"excerpt":{"rendered":"<p>[vc_row type=&#8221;in_container&#8221; full_screen_row_position=&#8221;middle&#8221; column_margin=&#8221;default&#8221; column_direction=&#8221;default&#8221; column_direction_tablet=&#8221;default&#8221; column_direction_phone=&#8221;default&#8221; scene_position=&#8221;center&#8221; text_color=&#8221;dark&#8221; text_align=&#8221;left&#8221; row_border_radius=&#8221;none&#8221; row_border_radius_applies=&#8221;bg&#8221; overflow=&#8221;visible&#8221; overlay_strength=&#8221;0.3&#8243; gradient_direction=&#8221;left_to_right&#8221; shape_divider_position=&#8221;bottom&#8221; bg_image_animation=&#8221;none&#8221;][vc_column column_padding=&#8221;no-extra-padding&#8221; column_padding_tablet=&#8221;inherit&#8221; column_padding_phone=&#8221;inherit&#8221; column_padding_position=&#8221;all&#8221; column_element_direction_desktop=&#8221;default&#8221; column_element_spacing=&#8221;default&#8221; desktop_text_alignment=&#8221;default&#8221; tablet_text_alignment=&#8221;default&#8221; phone_text_alignment=&#8221;default&#8221; background_color_opacity=&#8221;1&#8243; background_hover_color_opacity=&#8221;1&#8243; column_backdrop_filter=&#8221;none&#8221; column_shadow=&#8221;none&#8221;&#8230;<\/p>\n","protected":false},"author":1,"featured_media":0,"parent":0,"menu_order":0,"comment_status":"closed","ping_status":"closed","template":"","meta":{"footnotes":""},"class_list":["post-6034","page","type-page","status-publish"],"_links":{"self":[{"href":"https:\/\/hypemedya.com\/index.php?rest_route=\/wp\/v2\/pages\/6034","targetHints":{"allow":["GET"]}}],"collection":[{"href":"https:\/\/hypemedya.com\/index.php?rest_route=\/wp\/v2\/pages"}],"about":[{"href":"https:\/\/hypemedya.com\/index.php?rest_route=\/wp\/v2\/types\/page"}],"author":[{"embeddable":true,"href":"https:\/\/hypemedya.com\/index.php?rest_route=\/wp\/v2\/users\/1"}],"replies":[{"embeddable":true,"href":"https:\/\/hypemedya.com\/index.php?rest_route=%2Fwp%2Fv2%2Fcomments&post=6034"}],"version-history":[{"count":4,"href":"https:\/\/hypemedya.com\/index.php?rest_route=\/wp\/v2\/pages\/6034\/revisions"}],"predecessor-version":[{"id":6373,"href":"https:\/\/hypemedya.com\/index.php?rest_route=\/wp\/v2\/pages\/6034\/revisions\/6373"}],"wp:attachment":[{"href":"https:\/\/hypemedya.com\/index.php?rest_route=%2Fwp%2Fv2%2Fmedia&parent=6034"}],"curies":[{"name":"wp","href":"https:\/\/api.w.org\/{rel}","templated":true}]}}